66.
2, 115157683
List the prime factors of 1126835358.
2, 3, 11, 677, 25219
List the prime factors of 1369475773.
107, 12798839
What are the prime factors of 218901963?
3, 7, 1489129
List the prime factors of 58571221.
227, 258023
What are the prime factors of 602876908?
2, 53, 61, 46619
List the prime factors of 1735711657.
503, 3450719
What are the prime factors of 662865661?
233, 2844917
What are the prime factors of 41870388?
2, 3, 7, 17, 109, 269
What are the prime factors of 294505355?
5, 58901071
What are the prime factors of 33222110?
2, 5, 29, 109, 1051
List the prime factors of 1354385897.
1354385897
List the prime factors of 2832596096.
2, 11, 23, 3803
List the prime factors of 60271239.
3, 7, 17, 9931
List the prime factors of 2153564756.
2, 7, 76913027
What are the prime factors of 322841695?
5, 11, 269, 21821
What are the prime factors of 44940810?
2, 3, 5, 1498027
What are the prime factors of 37691556?
2, 3, 7, 47, 9547
What are the prime factors of 507169870?
2, 5, 503, 100829
What are the prime factors of 35564878?
2, 1777, 10007
List the prime factors of 8333669944.
2, 1041708743
List the prime factors of 246621767.
7, 19, 1854299
List the prime factors of 143448035.
5, 28689607
What are the prime factors of 258489277?
73, 191, 18539
List the prime factors of 2684275822.
2, 41, 3557, 9203
What are the prime factors of 351322337?
8689, 40433
List the prime factors of 2043284118.
2, 3, 41, 2347, 3539
List the prime factors of 92118173.
7, 3499, 3761
List the prime factors of 990628084.
2, 37, 79, 193, 439
List the prime factors of 219559247.
43, 5106029
List the prime factors of 1011586376.
2, 126448297
List the prime factors of 1897204013.
23, 3586397
List the prime factors of 184897882.
2, 13, 17, 418321
What are the prime factors of 13521451?
337, 40123
What are the prime factors of 736652556?
2, 3, 23, 83, 397
What are the prime factors of 29257116?
2, 3, 7, 49757
What are the prime factors of 1094396745?
3, 5, 13, 5612291
List the prime factors of 46506760.
2, 5, 1162669
What are the prime factors of 368912964?
2, 3, 7, 47, 1907
List the prime factors of 889253511.
3, 296417837
List the prime factors of 32318457.
3, 83, 129793
What are the prime factors of 91044202?
2, 45522101
What are the prime factors of 1676683844?
2, 11, 67, 233, 2441
What are the prime factors of 1505924915?
5, 11, 27380453
What are the prime factors of 2599110423?
3, 7, 13, 23, 15331
What are the prime factors of 887943942?
2, 3, 49330219
List the prime factors of 23123086.
2, 7, 31, 53279
What are the prime factors of 9340755340?
2, 5, 7, 263, 36241
List the prime factors of 366121851.
3, 433, 281849
List the prime factors of 141931914.
2, 3, 41, 271, 2129
What are the prime factors of 3630636207?
3, 11, 31, 1183003
List the prime factors of 327671106.
2, 3, 7, 71, 109883
What are the prime factors of 694619998?
2, 10739, 32341
What are the prime factors of 1235621606?
2, 131, 179, 26347
List the prime factors of 56454959.
11, 1069, 4801
What are the prime factors of 86779240?
2, 5, 983, 2207
List the prime factors of 536152985.
5, 2729, 39293
What are the prime factors of 267654746?
2, 29, 131, 35227
What are the prime factors of 2080760601?
3, 37, 757, 24763
List the prime factors of 60717967.
29, 1279, 1637
List the prime factors of 48912380.
2, 5, 11, 222329
List the prime factors of 18457846.
2, 11, 838993
What are the prime factors of 232138014?
2, 3, 463, 83563
List the prime factors of 48045156.
2, 3, 4003763
List the prime factors of 974861203.
974861203
What are the prime factors of 1368490819?
257, 5324867
List the prime factors of 42629870.
2, 5, 107, 39841
List the prime factors of 36860355.
3, 5, 7, 117017
List the prime factors of 2165695617.
3, 23, 31386893
What are the prime factors of 1378179229?
7, 647, 304301
List the prime factors of 3830702645.
5, 7, 11, 1129, 1259
List the prime factors of 21314609.
21314609
List the prime factors of 201951632.
2, 12621977
List the prime factors of 44483334.
2, 3, 7, 23, 46049
List the prime factors of 33376936.
2, 4172117
What are the prime factors of 1348269304?
2, 168533663
List the prime factors of 137461500.
2, 3, 5, 11, 2777
What are the prime factors of 41770065?
3, 5, 79, 101, 349
What are the prime factors of 56902082?
2, 467, 60923
List the prime factors of 2707568575.
5, 5011, 21613
List the prime factors of 23384985.
3, 5, 13, 119923
List the prime factors of 1204349529.
3, 23, 193, 90437
What are the prime factors of 404517249?
3, 6131, 7331
List the prime factors of 2117378.
2, 467, 2267
What are the prime factors of 1346709316?
2, 31, 10860559
List the prime factors of 235911666.
2, 3, 39318611
What are the prime factors of 49398494?
2, 101, 244547
List the prime factors of 386457264.
2, 3, 19, 197, 239
List the prime factors of 1221380754.
2, 3, 11, 18505769
List the prime factors of 8052641490.
2, 3, 5, 41, 409, 16007
List the prime factors of 393051482.
2, 196525741
What are the prime factors of 558795865?
5, 17, 6574069
List the prime factors of 20541762.
2, 3, 73, 193
What are the prime factors of 2029159912?
2, 13, 23, 557, 1523
List the prime factors of 4680319010.
2, 5, 468031901
What are the prime factors of 3826650414?
2, 3, 61, 10455329
What are the prime factors of 125094291?
3, 7, 149, 39979
What are the prime factors of 510345905?
5, 102069181
List the prime factors of 1007226898.
2, 19, 29, 913999
What are the prime factors of 2275522257?
3, 758507419
What are the prime factors of 502907378?
2, 251453689
What are the prime factors of 161536230?
2, 3, 5, 757, 2371
List the prime factors of 968058361.
968058361
List the prime factors of 233976561.
3, 7, 13, 31, 27647
What are the prime factors of 31660354?
2, 11, 1439107
List the prime factors of 1567334827.
97, 16158091
List the prime factors of 2668333467.
3, 79, 11258791
What are the prime factors of 21823941?
3, 23, 211, 1499
What are the prime factors of 57025476?
2, 3, 47, 33703
What are the prime factors of 20700951?
3, 17, 405901
List the prime factors of 53715679.
19, 281, 10061
What are the prime factors of 1212258996?
2, 3, 13, 227, 11411
What are the prime factors of 3465382241?
19, 67, 677, 4021
List the prime factors of 1882449748.
2, 1667, 282311
List the prime factors of 49170454.
2, 24585227
List the prime factors of 56721729.
3, 877, 21559
What are the prime factors of 2055518651?
2055518651
List the prime factors of 473416719.
3, 157805573
What are the prime factors of 251076480?
2, 3, 5, 130769
What are the prime factors of 63476014?
2, 7, 673, 6737
What are the prime factors of 287499054?
2, 3, 109, 439601
List the prime factors of 97561591.
41, 431, 5521
What are the prime factors of 113850858?
2, 3, 11, 1725013
What are the prime factors of 13057859?
23, 29, 19577
List the prime factors of 83809773.
3, 37, 109, 2309
What are the prime factors of 3401698777?
113, 277, 108677
What are the prime factors of 3451364?
2, 7, 17609
What are the prime factors of 65621692?
2, 719, 22817
List the prime factors of 117743678.
2, 13, 463, 9781
List the prime factors of 409796067.
3, 17, 1063, 7559
List the prime factors of 4866136454.
2, 2433068227
List the prime factors of 14006317.
13, 17, 63377
List the prime factors of 1818859953.
3, 7499, 80849
What are the prime factors of 503872413?
3, 11, 3041, 5021
What are the prime factors of 19114104?
2, 3, 23, 31, 1117
What are the prime factors of 42711558?
2, 3, 151, 47143
What are the prime factors of 186620442?
2, 3, 2621, 11867
What are the prime factors of 474815914?
2, 317, 748921
What are the prime factors of 988017780?
2, 3, 5, 1087, 15149
List the prime factors of 86247491.
11, 47, 166823
What are the prime factors of 1771199555?
5, 463, 765097
What are the prime factors of 111034936?
2, 19, 38447
What are the prime factors of 41908259?
5449, 7691
List the prime factors of 717268713.
3, 7, 1327, 3677
What are the prime factors of 136206993?
3, 13, 3492487
What are the prime factors of 98768082?
2, 3, 7, 1409, 1669
List the prime factors of 14661995.
5, 2932399
What are the prime factors of 665923979?
7, 1759, 54083
List the prime factors of 44264699.
19, 53, 113, 389
List the prime factors of 47471303.
11, 4315573
List the prime factors of 3564